t q = 607 + -24. Suppose 4*f + q = -3*i - 1108, 2*f - i = -853. Let g = f - -918. Is g a prime number?
False
Let i(n) = -7*n - 10 - 3 + 11*n**2 + 28*n**2 - 18*n. Is i(-9) a composite number?
False
Let c(g) = 13658*g + 691. Is c(7) prime?
False
Let b(n) = -2*n**2 - 124*n + 2167. Is b(-69) composite?
False
Suppose 0 = -2*g + 3*p + 391144, -11*g + 2*p + 391150 = -9*g. Is g composite?
False
Let v(i) = 632*i**2 + 9*i - 19. Is v(8) a prime number?
False
Suppose 0 = 3*g - v - 96497, 7*v + 32147 = g + 2*v. Suppose -5*m + g - 2552 = 0. Is m a prime number?
True
Suppose 0 = 9*t - 186*t + 6555903. Is t composite?
False
Let r = -116 - -345. Let b(z) = z - 64. Let n be b(0). Let a = r - n. Is a a prime number?
True
Let v(r) = -9*r**3 + 5*r**2 - 18*r + 5. Let y be (-3)/(-18) - ((-195)/18 - 0). Suppose y*j - 38 + 104 = 0. Is v(j) composite?
False
Let p(m) = 397*m - 32. Let x = 49 - 46. Is p(x) composite?
True
Let n(w) = -4*w**2 + w + 1. Suppose -2*y + 9*m = 4*m - 16, -5*y + m = 6. Let v be n(y). Let r = 21 + v. Is r composite?
True
Suppose 0 = -321*a + 304*a + 170. Suppose -2*q = a*q - 112044. Is q a prime number?
True
Let o(x) = -x**3 - 3*x**2 + x + 7. Let m be o(-3). Let c be m - (2 + -4 + 4). Is (c/(3 - -1))/1*634 a prime number?
True
Let h(j) = -j**2 + 42*j - 375. Let m be h(16). Let l be 3/2*(-224)/(-6). Suppose x = -m + l. Is x a prime number?
False
Let i be (-2)/(-4)*12 + 1939. Is ((-3 - 0)/(5/i))/(-1) a composite number?
True
Let b(r) = 985*r + 5. Let q(a) = 986*a + 6. Let g(n) = 7*b(n) - 6*q(n). Is g(6) prime?
False
Let a be ((1548 + -2)/2)/1. Suppose 0*n - 12 = 3*n. Is a/1 - (-8)/n a prime number?
False
Let w(f) be the first derivative of f**6/360 - 7*f**5/120 - 7*f**4/24 + 14*f**3/3 + 25. Let c(a) be the third derivative of w(a). Is c(-22) a prime number?
True
Suppose 9 = 4*c + 3*y + 33, 0 = -3*c + 5*y - 47. Let d(q) be the second derivative of q**4/3 + 4*q**3/3 + 7*q**2/2 + q. Is d(c) composite?
True
Suppose 8*i - 1964 + 420 = 0. Let j = 489 - i. Let y = j + -3. Is y a composite number?
False
Suppose -59*k = -60*k + 3*m + 127594, 2*m + 382747 = 3*k. Is k a prime number?
True
Suppose 4*n - 4*w = -2*w - 34, n + 3 = -5*w. Is (307/3)/(n/(-120)) composite?
True
Let p = -332 - -336. Suppose 5*m - 6 - 4 = 0, 2*b = p*m + 29918. Is b composite?
True
Let r = -96122 + 165963. Is r a composite number?
True
Let g = -24 - -32. Suppose 20 = -2*s - g. Is ((-2)/3)/(s/9429) composite?
False
Let w = 110567 + -41404. Is w a composite number?
False
Suppose -8*o = -19*s + 23*s - 719744, 5*s + 179972 = 2*o. Is o a composite number?
True
Let x(o) = -67*o**3 + 0*o - o + 66*o**3 + 5 + 10*o**2 + 9. Let v be x(10). Suppose 0 = -v*y + 4*j + 4864, -5*j - 3658 = -3*y - 0*j. Is y prime?
False
Let u = -13401 - -9133. Let w = 6802 + u. Suppose 1045 + w = 3*t. Is t prime?
True
Suppose 16168 = 2*i - 4*g, -2*i + 5*g + 9712 + 6460 = 0. Suppose 0 = -m + 4*x + 9495 - 825, m - 5*x - 8674 = 0. Suppose -m - i = -10*v. Is v a prime number?
False
Let n(a) = -3248*a + 3. Suppose -187*w - 2 = -185*w. Is n(w) prime?
True
Let c(z) = 180*z + 3. Let y be ((-18)/(-12))/(3/6). Let p be c(y). Let s = -344 + p. Is s prime?
True
Suppose 3*a - 89006 = -4*g, -2*a - 88990 = -4*g + 3*a. Suppose 0 = -3*d + 6, 0 = -4*t - 0*t + d + g. Is t a prime number?
True
Let t(a) = 240*a**2 + 553*a - 32. Is t(25) a prime number?
False
Let m = 29888 - 26245. Is m a composite number?
False
Let c = 121 - 117. Suppose 5*x - 223 = -c*l + 577, -5*l + 1009 = 4*x. Is l composite?
True
Let w(n) = -128*n - 11. Let h be w(-14). Suppose h = 2*o - 2*m - m, 4*o + 2*m - 3554 = 0. Is o a prime number?
False
Let k(p) = 78*p**2 + 11. Suppose m = 2*m - 45. Suppose 0 = -m*a + 43*a + 8. Is k(a) prime?
True
Suppose 2*x - 10 - 4 = 0. Suppose x*k + 2971 + 5072 = 0. Let f = k + 1778. Is f a prime number?
False
Let n be (74/3)/((-8)/4140). Let o be n/(-5) - (16/4 + 0). Suppose -4*v + 2*v = -w - 1706, 3*v - o = -w. Is v prime?
False
Let n(v) = -59*v + 3. Let a be ((-15)/(-10))/((-3)/(-6)). Suppose 4*m = 5*m - 4*z + 21, 4*z - 31 = a*m. Is n(m) a prime number?
False
Is (-5 + 7 + -1)/((-1)/(-292901)) prime?
False
Let s be -7 + -3607 - (-2 - 6). Let m = 13681 - s. Is m a composite number?
True
Let j = -90 + 82. Is (8 - (-8)/j) + 6240 a prime number?
True
Let q(u) = 2*u**2 - u + 95. Let m(d) = 3*d**3 - d**2 - 2*d + 3. Let v be m(1). Suppose -v*s = -2*s. Is q(s) composite?
True
Let k(a) = a - 1. Let w(n) = 64*n - 19. Let i(q) = 3*q**3 + q + 2. Let o be i(-1). Let x(t) = o*k(t) + w(t). Is x(14) composite?
True
Let q(j) be the third derivative of 45*j**2 + 0 - 1/2*j**4 + 17/6*j**3 + 1/12*j**5 + 0*j. Is q(10) a prime number?
True
Is (-45)/(-30) + (-152)/112 + 172416/7 a prime number?
True
Suppose -5*j = -25, -4*x + 2*j - 3*j + 245 = 0. Let k be (-8)/x + 5110914/(-45). Is (-2)/(k/(-37864) + -3*1) a prime number?
True
Suppose 2*h = 5*n + 211575, 84624 = -5*n + 3*n + 2*h. Let w = 76324 + n. Is w a prime number?
False
Let r be 40/6 - (-38)/114. Suppose 34*j = r*j + 88317. Is j a composite number?
False
Suppose -481 = 3*j - 8578. Is j a composite number?
False
Is ((-100705)/(-22))/(-5 + ((-11)/2)/(-1)) composite?
True
Suppose -6*k = -2*k - 2*n - 12, -5*k + 5*n = -15. Let g be -30*(k/((-45)/609) - -3). Suppose -5*x + 3647 = -g. Is x composite?
True
Let o(t) = 1592*t**2 + 25*t - 95. Is o(6) composite?
False
Suppose 81*o + 16*o - 27859865 = 42*o. Is o a composite number?
True
Is 6401862/180 + 12/(-16)*(-6)/45 composite?
True
Let g be 4*2392/128 + 2/8. Let s = 82 - g. Suppose -s*z + 2694 = -z. Is z composite?
False
Let b be ((-9017)/(-1))/(22 + -21). Let a = 14104 - b. Is a a composite number?
False
Suppose 5*w = 3*u - 2069 - 30324, -5*u + 53951 = -3*w. Is u a composite number?
True
Let n(w) = w**2 - 6*w + 3. Let z = -56 + 63. Let d be n(z). Suppose 0 = 7*t - d*t + 381. Is t a prime number?
True
Is ((-95)/(-35))/(86/11282383) + 1/2 composite?
True
Let a(l) = 25*l**2 + 2*l - 4. Let t = -31 - -20. Is a(t) prime?
True
Let m = 35345 - -144174. Is m prime?
True
Let d(a) = 191 + 10*a**2 + 65*a**2 - a**3 - 17*a**2 - 45*a. Is d(53) prime?
False
Let m(b) = -16*b**3 - 17*b**2 - 22*b - 4. Suppose 4*x + 3*n + 3 + 42 = 0, -2*n + 30 = -4*x. Is m(x) a composite number?
True
Is 259775/(-35)*(-56)/8 a composite number?
True
Is (-30)/(-70)*-21 + 129448 a prime number?
True
Let x be -3 - -2 - -4 - (0 - -1). Suppose -4*h - x*s = -14, 3*h - 3 = 3*s + 3. Suppose 4*f = 5*t + 88 + 20, -58 = -h*f - 2*t. Is f prime?
False
Let j(u) = -u**3 - 10*u**2 + 3*u + 24. Let x(d) be the third derivative of d**4/24 + 2*d**3/3 + 11*d**2. Let p be x(-18). Is j(p) a prime number?
False
Let u(l) = 77*l**2 + 138*l - 3669. Is u(26) composite?
False
Let f(w) = -3*w**3 + 3*w**2 - w - 2. Let s be f(-1). Suppose -3*q - 2*v + 44568 + 18661 = 0, 0 = 4*q - s*v - 84313. Is q composite?
True
Let w(r) be the third derivative of 25*r**5/12 - 5*r**4/6 - 10*r**3/3 + 5*r**2 + 3. Is w(-5) composite?
True
Let d = 1017080 - 596613. Is d a composite number?
False
Suppose 0 = -5*x + 3*c - 21016, -2*x - 5*c + 3753 - 12147 = 0. Suppose b + b = -24. Is x/(-6) - 8/b composite?
False
Let a(c) = -c + 1. Let u(p) = -434*p + 121. Let g(t) = -4*a(t) - u(t). Is g(22) a prime number?
True
Let r(l) = -38*l - 3. Let y be r(-6). Suppose y = -v + 5. Let x = 79 - v. Is x a prime number?
False
Suppose -3*k - 2*u - 2*u = 14496, k + 5*u = -4821. Let l(w) = 3344*w + 1. Let q be l(3). Let d = q + k. Is d a composite number?
False
Let g be 1*(1 - 0)*309. Suppose 6*b - 189 = 1575. Suppose 9*v = g + b. Is v a composite number?
False
Let b(r) = 2*r**3 - 4*r**2 + r - 1. Let q be b(3). Suppose 25*x - 11855 = q*x. Is x prime?
True
Let d = 3673847 + -2307288. Is d a prime number?
False
Is 21368 + -4 + 10/(30/(-9)) a composite number?
True
Let p(a) be the third derivative of a**6/120 + a**5/12 - 13*a**4/12 + 29*a**3/6 + 3*a**2 + 33*a. Is p(12) composite?
True
Let g be 4 - (-2 + 6/3). Suppose 0 = -3*q + 5*j + 5132, -g*j = 5*q - 3*j - 8544. Is q prime?
True
Suppose -5*l + 4710 + 5545 = -2*d, 5*l - 3*d = 10260. Is l prime?
False
Let o(m) = 2015*m**2 + m + 44. Let f be o(-6). Suppose -74*u + f = -52*u. Is u a prime number?
True
Let z be (144/27)/(2/(-3)). Let f(k) = -k**3 - 8*k**2 + 6*k + 34. Let a be f(z). Let p(h) = 3*h**2 - 13*h - 21. Is p(a) a prime